et o(l) = l**3 - 43*l**2 + 46*l - 65. List the prime factors of o(k).
103
Suppose -2*s + 3 = 11, -u = -s - 896. Let v = -476 + u. What are the prime factors of v?
2, 13
Suppose -4*o = -4*g - 324, 4*g - 5*o = -54 - 273. Let p = g - -538. List the prime factors of p.
2, 5, 23
What are the prime factors of (409296/(-144))/(4/(-120))?
2, 5, 8527
Suppose 11*g + 4*g = 5685. Let i = -168 + g. What are the prime factors of i?
211
What are the prime factors of (-8)/20 - 3/(-30)*339494?
17, 1997
Let j be -2 + 5 - (-2 - 26)*8. Let r be j/6 + 2/12. What are the prime factors of (-632)/(-7) - (3 - r/14)?
2, 3, 5
List the prime factors of ((-6559)/(-2))/((-23)/(-92)).
2, 7, 937
List the prime factors of 1*-31*87227/(-119).
31, 733
Suppose 44*z + 1038 = 46*z. Let l = 860 - z. Suppose 0 = 5*h - l - 24. What are the prime factors of h?
73
Let t be (-3 + -4 - 0) + 1810. Suppose 5*r - t = 4*b - 7*b, -2*r = -3*b - 717. What are the prime factors of r?
2, 3, 5
Suppose -32*p + 148 = -492. List the prime factors of (p/(-60))/((-3)/8550).
2, 5, 19
Suppose 4*k = -5*c + 20521, -22*c = 3*k - 24*c - 15408. List the prime factors of k.
2, 17, 151
Suppose 156*t - 153*t = 15. Suppose -1378 - 122 = -t*f. List the prime factors of f.
2, 3, 5
Let n = -2858 + 8092. List the prime factors of n.
2, 2617
Suppose -6*g - 42 = -12. Let w(k) = 4*k**2 - 12. Let v be w(g). Let s = v - -14. What are the prime factors of s?
2, 3, 17
Suppose 3*k = 4*v + 226, 56 = 2*k + 2*v - 118. Let y = -22 - -62. Let g = k - y. List the prime factors of g.
2, 3, 7
Let r = -122 + 182. Suppose -6*o + 5*o = r. List the prime factors of (2232/o)/(0 + (-2)/5).
3, 31
Let v(t) = -48 + 8*t + 45 - t. Let z(x) = 13*x - 6. Let c(n) = 9*v(n) - 4*z(n). List the prime factors of c(11).
2, 59
Let d = -2222 - -4676. What are the prime factors of d?
2, 3, 409
Let q be ((0 - 6) + 6)/(-3). Suppose q = -96*r + 87*r + 6642. List the prime factors of r.
2, 3, 41
Suppose r + 25 = k, k - 19 = 5*r - 10*r. Suppose -k*w - 105896 = -85*w. List the prime factors of w.
2, 7, 31
Let p = 65 + -54. Suppose -p*l + 958 = -9*l. List the prime factors of l.
479
Suppose 4 = -16*c + 17*c. Let v be 3 + 12/(-3) + c. List the prime factors of v/9*9 - -117.
2, 3, 5
Suppose 29246 = 3*w - 2*y, 7*y = -6*w + 5*y + 58504. List the prime factors of w.
2, 3, 5, 13
Let z = 1348 + 5463. What are the prime factors of z?
7, 139
Let s be (((-400)/(-12))/10)/((-4)/42). What are the prime factors of 10/s - 4274/(-14)?
5, 61
Let u = 392 - 276. Let o be 6/2*6/(108/1194). Let v = o - u. What are the prime factors of v?
83
Let x(p) = 954*p**2 + 161*p - 481. List the prime factors of x(3).
2, 19, 113
Suppose 2943889 - 11056981 = -393*q. List the prime factors of q.
2, 13, 397
Let t = 370 + -343. Suppose -t*r + 322 = -26*r. What are the prime factors of r?
2, 7, 23
Suppose -193*d + 1334045 + 212760 = -845816. List the prime factors of d.
7, 11, 23
Suppose 1707 = 6*p + 11*p + 1639. Let i = 40 - -648. Suppose -p*m + 0*m = -i. List the prime factors of m.
2, 43
Suppose 2*p + 3*p = -2*w + 20, -4*w = 0. Suppose 15*y - 18*y - 260 = -p*s, 4*s + 2*y - 280 = 0. List the prime factors of s.
2, 17
Suppose -17*n + 3*g = -15*n - 16919, 5*g = 5*n - 42290. What are the prime factors of n?
5, 19, 89
Let w be 19182/12 + (9/6 - 1). Suppose 4*n - 1991 = -0*g - 5*g, -4*g = -3*n - w. Suppose -129*t + 132*t - g = 0. List the prime factors of t.
7, 19
Suppose 4*j - o - 4*o + 165 = 0, -4*o + 4 = 0. Let r = j - -43. Suppose -x = 4*q - 43, -x = 2*q + r*q - 45. List the prime factors of x.
5, 7
Let t = 9510 + -4420. List the prime factors of t.
2, 5, 509
Suppose 5*z - 241*t - 23975 = -246*t, 0 = -2*z + 3*t + 9615. List the prime factors of z.
2, 3, 5
Let a = 16573 + -9901. List the prime factors of a.
2, 3, 139
Suppose -151*y = -149*y - 3905 - 709. List the prime factors of y.
3, 769
Let u(f) = f**2 - 34*f + 114. Let y be u(30). List the prime factors of 0/y + 5 + 486/1.
491
Let q(l) = -l**2 - 4*l + 3. Let z be q(-4). Suppose -k - z*k = -2*i - 386, -5*k + 4*i = -475. Let a = -28 + k. List the prime factors of a.
71
Suppose -82*f - 82140 = -94*f. What are the prime factors of f?
5, 37
Let r = 376 + -535. Let l = 241 + r. Let s = 171 - l. List the prime factors of s.
89
Let k(z) = -z**3 - 10*z**2 - 24*z + 4. Let l be k(-6). Suppose 8*y = 5*y - 9, -2*y = l*i - 898. What are the prime factors of i?
2, 113
Let w = -822 + 1936. What are the prime factors of w?
2, 557
Let r = 52 - 61. What are the prime factors of (189/r)/(2/(-36))?
2, 3, 7
What are the prime factors of 490/3675 + 367*(-379)/(-15)?
3, 11, 281
List the prime factors of (2/3)/(-2) - -24619*28/147.
3, 521
Let f = -98 - -95. List the prime factors of -1 + (-1)/f - (-59850)/189.
2, 79
Let t = -79173 + 126729. What are the prime factors of t?
2, 3, 1321
Suppose -74300 = -46*p + 239052. What are the prime factors of p?
2, 13, 131
Let l be (-4)/18 + (380/(-9))/(-10). Let d = 6 - l. List the prime factors of d*63 - -3 - 3.
2, 3, 7
Let f be -5 - (-9 + 1 + 5). Let j(y) = -177*y + 3. What are the prime factors of j(f)?
3, 7, 17
Let d(h) be the first derivative of 5*h**2/2 - 16*h + 5. Let b(c) = -c - 1. Let w(q) = -4*b(q) - d(q). List the prime factors of w(-8).
2, 7
What are the prime factors of -1*7*-22 - (-12 + 14)?
2, 19
Suppose -155058 = -5*h - 3*g, -29*g = 4*h - 30*g - 124060. List the prime factors of h.
2, 3, 1723
Let y be -4 - (-7 - (1 + 395)). Let u = 838 - y. List the prime factors of u.
439
Let c(r) = -22*r - 101. Let z = -198 + 188. What are the prime factors of c(z)?
7, 17
Let z = -65 - -90. Let s(d) = d**2 - 26*d + 27. Let r be s(z). Suppose -5*f + 434 = -4*k, k + 87 = -f + r*f. What are the prime factors of f?
2, 43
Suppose -48*w + 620014 = 3166. List the prime factors of w.
71, 181
Let m(w) = 147*w + 31. Suppose 0 = -r - 5*a + 23, 6*a + 3 = 7*a. List the prime factors of m(r).
17, 71
Suppose 188157 = -0*t - 0*t + 19*t. List the prime factors of t.
3, 3301
Let k(z) = z**2 - 9. Let o be k(-3). Let i be (o/(-6))/(2/(4/(-6))). What are the prime factors of 15/(i - 5)*(-29)/1?
3, 29
Suppose -4*p - 3*q = -20, -3*p - q - 7 + 17 = 0. Suppose c + 1401 = p*d, -d - 3*c = c - 705. List the prime factors of d.
701
Suppose -5 = 9*a - 10*a. Suppose -a*j + 1066 = 2*p - 153, 2*p = -j + 1199. What are the prime factors of p?
3, 199
Suppose 5536 = -17*n + 21*n. Suppose n = 5*o + 3*x, -6*o + 3*x + 1118 = -2*o. List the prime factors of o.
2, 139
Suppose 2488864 = -4*k + 275*k. What are the prime factors of k?
2, 7, 41
Suppose -71 = -22*q - 27. Suppose 3*m + 2408 = 4*y, -y - 1806 = -4*y - q*m. List the prime factors of y.
2, 7, 43
Let x = -369 - -371. Suppose q - x*k = 636, 3*q + k - 1852 = 63. List the prime factors of q.
2, 11, 29
Let x = 46100 - 24835. What are the prime factors of x?
5, 4253
Suppose 3 - 5 = 2*i, 0 = 4*z - 3*i - 40847. What are the prime factors of z?
10211
Let l = 83994 + -53496. List the prime factors of l.
2, 3, 13, 17, 23
Let f = -12 - -17. Suppose f*v - 87 = 263. Suppose 67 = 4*j + 2*g - 253, j - 2*g = v. List the prime factors of j.
2, 3, 13
Suppose 2*v - 480 = -5*g - 162, -4 = -g. Let l = 213 - v. What are the prime factors of l?
2
Let q(c) = c**3 + 15*c**2 + 27*c + 25. Let h be q(-13). Suppose -3408 = -h*g + 4*g. List the prime factors of g.
2, 3, 71
Suppose 0 = 11*z - 15*z + 48. Let c(y) = y**2 - 2*y + 36. List the prime factors of c(z).
2, 3, 13
Let j(m) = 16*m**2 - 9*m + 28. Let r(o) = -5*o + 1. Let z(c) = j(c) - 2*r(c). List the prime factors of z(-8).
2, 521
Let z(m) = -66 + 51*m + 47 - 57. What are the prime factors of z(5)?
179
Suppose 63*q = 68*q - 10. Suppose -4*f - q*y + 6304 = 0, f - 1729 + 148 = 2*y. List the prime factors of f.
19, 83
Let o(f) = 193*f**2 - 2 - 12*f - 97*f**2 - 94*f**2. Let w be o(6). Let y(g) = -3*g**3 - g - 1. List the prime factors of y(w).
5
Let x = 122557 + -85532. List the prime factors of x.
5, 1481
Suppose 80*c = 71*c - 5742. Let f = -399 - c. List the prime factors of f.
239
Suppose 3*t = 19*v + 62894, 5*v = -3 + 38. What are the prime factors of t?
3, 47, 149
Let i(n) = 2*n**2 - 6*n - 11. Let q be i(4). Let r(w) = -9*w + 21. What are the prime factors of r(q)?
2, 3
Let q = -516 + 516. Suppose 5*p - 7*z - 4085 = -4*z, -p - 2*z + 817 = q. What are the prime factors of p?
19, 43
Le